 = n - s*n. Suppose 2*p = 5*j + 2, n = 4*j - p - 4*p + 5. Determine w(j).
3
Let i(n) = 2 + 0*n - n**3 + 4*n - 7*n + 4*n**2. Suppose h = -f + 6, 9 = -0*f - f + 4*h. Calculate i(f).
2
Let p be 4/(-18) + 202/18. Let x = p - 8. Let h = x - -1. Let o(w) = -w**2 + 4*w + 5. Calculate o(h).
5
Let d be (-45)/(-6) - (-1)/(-2). Let p(z) = -8*z + z**3 + 21 - 7*z**2 - 29 + 10*z. Give p(d).
6
Suppose 0*f + z - 6 = -5*f, -5*f + z = -14. Let m(a) = -3*a + 3. Give m(f).
-3
Let a(u) be the second derivative of -u**5/20 + u**4/4 - 2*u**2 - u. Suppose 5*d - 25 = -2*j - 0, 25 = 5*j. Calculate a(d).
-4
Suppose -2*q = -4*x - 2, -x + 2 = -3*q + 15. Suppose 4*z + 26 = 2*p, q*z = p + p - 31. Let b(y) = 3*y**3 + 3*y**2 - 8*y**3 - 3*y + 4*y**3. Give b(p).
-9
Let c(l) = 2*l**2 - 4*l - 4*l**2 + 4 - l + 8*l. What is c(3)?
-5
Let v(n) be the third derivative of -n**4/6 - 21*n**2. Calculate v(1).
-4
Let w(h) = -h - 7. Let o(k) = -3*k + 2*k**2 - 3*k**2 - 3 - 1. Let c = 14 - 17. Let i be o(c). Give w(i).
-3
Let u(g) be the second derivative of -3*g - 1/2*g**2 + 0 - 1/6*g**3. Suppose -3*v = v + 16. Determine u(v).
3
Let n(g) be the third derivative of g**5/60 + g**4/6 - g**2. Let x(p) = p + 13. Let f be x(-5). Let s = f - 12. Give n(s).
0
Suppose -j - 19 = -4*r, 3*j = -r - 3 - 2. Let g(y) be the second derivative of y**5/20 - y**4/3 + y**3/6 + 3*y**2/2 + 3*y. What is g(r)?
7
Let m(j) = -14*j**3 - 26*j**2 + 15*j - 43. Let r(x) = 5*x**3 + 9*x**2 - 5*x + 15. Let s(b) = -4*m(b) - 11*r(b). Calculate s(-6).
1
Let c(p) = 0 + 0 + p + 1. Let z(o) = 2*o + 10. Let w be z(-5). Suppose 5*k = -t, 4*t + w*t - 16 = -4*k. What is c(k)?
0
Let z = -8 + 13. Suppose -y + z - 2 = 0. Suppose 2*u + 4*w = 8, y*u + u - 5 = 3*w. Let d(p) = -p**3 + 2*p**2 + p - 1. Calculate d(u).
1
Let z(d) = 11*d**2 - 2*d - 1. Suppose -3*h - 2*o + 1 = -4*o, -3*o = -h + 5. Calculate z(h).
12
Let q(i) = -2*i - 5. Let o = -12 + 8. Let c(l) = -l - 9. Let p be c(o). Give q(p).
5
Let a(n) = 2*n + 4. Let l(i) be the first derivative of i**4/4 + 4*i**3/3 - 5*i**2/2 + 4*i - 6. Let d be l(-5). Calculate a(d).
12
Let x(d) = -4*d - d**2 + 2*d**2 + 4 - 5. Let m = 10 + -7. Suppose -2*f - 41 = -4*r - 7*f, -m*r + 2*f = -2. Give x(r).
-1
Let y be (12/(-15))/((-2)/(-5)). Let b be (3 - y) + (-2)/2. Let h(k) = 5*k - b*k - 2*k. What is h(-2)?
2
Let h(z) = -2*z**3 - z**2 + 3*z + 1. Let x be ((-48)/36)/(4/6). What is h(x)?
7
Let a be (-18)/14 + (-4)/(-14). Let r(j) = -j + 4. Let x be r(4). Let t(k) = -2 + 1 + 8*k + x. What is t(a)?
-9
Let q(p) be the third derivative of p**5/30 + 7*p**4/24 - 2*p**3/3 + 2*p**2 - p. Give q(-6).
26
Suppose -8 = g + 2*y, 6 = -3*y - 6. Suppose 5*c - d = 4, g*c - 4*d = -5*c + 1. Let i(n) be the second derivative of -n**4/4 + n**2/2 - n. Give i(c).
-2
Let b(u) = -u + 8. Let c be b(4). Suppose 0 = -5*n - 4*d, 5*d = n + 2*n. Let r = c - n. Let h(m) = -m**2 + 5*m + 2. What is h(r)?
6
Let s(v) = v + 7. Let u = 87 + -87. Give s(u).
7
Let b(u) = -u**3 + 2*u**3 - u**2 + 3*u**2 - 3 + u**2 - 2*u. Determine b(-3).
3
Let u(s) = s**2 + 5*s + 3. Let v be u(-5). Let o(k) = 4*k**3 + 2*k - 3*k**3 - 5*k**2 + 2*k**v - 2*k**3 - 1. Determine o(4).
-9
Let w(l) = -2*l + 2. Let g be w(3). Let k(s) = 4*s**2 + 4*s - 3. Let r(i) = 7*i**2 + 7*i - 5. Let x(p) = -5*k(p) + 3*r(p). What is x(g)?
12
Let j(z) = -z**2 - 7. Let r(y) = -y**2 - 12*y + 28. Let m be r(-14). Determine j(m).
-7
Let x(g) be the second derivative of -g**4/12 + 3*g**2/2 - g. Let f(k) = k**2 + 4*k. Let r be f(-5). Suppose -t + 8 = r*o, 4*o + 12 = 5*t + 1. Calculate x(t).
-6
Let z(f) = -f**2 + 2. Let q = 33 - 33. What is z(q)?
2
Let d(i) be the second derivative of -1/2*i**3 + 1/20*i**5 + 1/4*i**4 + 3*i + 5/2*i**2 + 0. Give d(-4).
1
Suppose -4*j = -x + 5, -j - 2 = -3*x - 2*j. Let o(r) be the first derivative of -9*r**4/4 + 2*r**3/3 - r - 54. Calculate o(x).
-8
Let i(s) = -13*s**3 + s**2 - 2*s + 1. Let f(k) = -k**3 - 10*k**2 - 10*k - 8. Let z be f(-9). What is i(z)?
-13
Let l(n) be the second derivative of 7*n**5/20 - n**4/12 + n**2/2 + 13*n. What is l(1)?
7
Let f(b) = -2*b**3 - 2*b + b**3 - b - 2*b + 6*b**2. Calculate f(5).
0
Let r(o) be the third derivative of o**4/24 + 5*o**3/6 + 46*o**2. Determine r(-6).
-1
Let b(m) = m**2 - 4*m - 4. Suppose -2*g + 3*u = -24, -4*u = 5*g - 3*u - 60. Suppose -a = -0*a - g. Let t = a + -6. Give b(t).
8
Let k(j) = -j**2 - 1. Let n(q) = -5*q**2 + q - 4. Let y(w) = 6*k(w) - n(w). Let i = 10 + -4. Suppose i*p = p - 15. Give y(p).
-8
Let t be (-38)/(-14) - (-56)/196. Let y(q) = 2*q**2 - 2*q - 2. Determine y(t).
10
Let t(i) = -i**2 + i + 1. Let d(r) = -2*r + 4. Let g be d(0). Suppose 5*l - 21 = -6. Suppose g*j = -j + 2*u + 8, -3*j + 3*u + l = 0. What is t(j)?
-1
Let u be 0*(-5 + (-9)/(-2)). Let a(l) be the third derivative of -4/3*l**3 - l**2 + 0 + u*l + 1/24*l**4. Determine a(6).
-2
Let p(o) = -5*o**2 + 13*o - 2. Let g(b) = -b**2 + b. Let i(m) = -6*g(m) + p(m). Give i(-4).
-14
Let d be (-1 - -1)/(-6 + 3). Let t(g) = g**3 + g**2 - g + 6. Give t(d).
6
Let f(v) be the first derivative of v**2/2 - 9*v + 19. Suppose 4*o - 6 = 3*o. Calculate f(o).
-3
Let z(k) = -k**3 - 5*k**2 - 5*k. Suppose -3*d - 7 - 23 = 0. Let o = 6 + d. Give z(o).
4
Let y(n) = n**3 - 8*n**2 - 9*n - 2. Let k be y(9). Let j(u) = -u - 2. Let d be j(-2). Let w(l) = -l + 4*l + d*l. Determine w(k).
-6
Let d(p) be the third derivative of 5*p**4/24 + p**3/6 - p**2. Let r be 4/(-18) + (-21)/27. Let i = -2 - r. Calculate d(i).
-4
Let s be 1/(6/(-12)*2). Let q(z) = -1 - z - 5*z**3 + 2*z**3 + z**2 - z**3. Give q(s).
5
Suppose -4*a = a. Let p(f) = f**2 + f + 5. What is p(a)?
5
Suppose 4*j + 50 - 6 = 0. Let m(w) = -w - 9. Determine m(j).
2
Let s be ((-24)/9 + 1)*3. Let q(c) = 2*c + 6. Let z be q(s). Let w be (-33)/(-9) + z/6. Let a(d) = -3*d + 4. Calculate a(w).
-5
Let a(l) = 11*l - 29. Let b(c) = 4*c - 10. Let g(w) = -6*a(w) + 17*b(w). Calculate g(-3).
-2
Let r(b) be the first derivative of b**3/3 - 3*b**2/2 + 3*b - 12. What is r(2)?
1
Let g(a) = a**2 - 4*a. Let b be g(5). Let o(l) = l**2 - l. Let p be o(6). Let d be p/(-12)*6/b. Let s(y) = y - 1. Give s(d).
-4
Let g(p) = -11*p + 7*p + 5*p + 4. Give g(-5).
-1
Let c(m) = 3*m. Let v be (-1)/5 - (-166)/5. Let s be (3/1)/(v/(-22)). Determine c(s).
-6
Suppose -3*c - 17 = -f, 6 + 14 = -5*c. Let p(t) be the second derivative of -t**4/12 + 5*t**3/6 + 3*t**2/2 + t. Calculate p(f).
3
Let d = -7 + 9. Let z(c) = -6 + 2*c**d - 3*c**2 + 3 + 1 - c**3. Give z(-2).
2
Let g be ((-33)/(-22))/(3/(-4)). Let t be (-4 + -3)/(g/2). Let b(s) = s**3 - 7*s**2 - 3. Determine b(t).
-3
Let h(m) = -11*m**3 - 11*m**2 + 11*m + 3. Let b(f) = 4*f**3 + 4*f**2 - 4*f - 1. Let k = -24 + 27. Let s(i) = k*h(i) + 8*b(i). Determine s(-3).
16
Let i(t) = -t**2 - 3*t. Let c(s) = -s**3 + 3*s**2 + 5*s - 3. Let y be c(4). Suppose 0 = -3*d - 13 + y. Determine i(d).
-4
Suppose 2*s - 10 = 4*h, 4*h + 1 = -5*s + 26. Let m = 5 - s. Let q(r) = r**3 + r + 2. Determine q(m).
2
Let f(h) = h**3 + 4*h**2 + h + 2. Let v be f(-4). Let n = v - -4. Let o = n + 2. Let w(r) = -r**2 + 5*r - 1. Give w(o).
3
Let i(r) = -3*r**2 + 5*r - 5. Let j(t) = -4*t**2 + 6*t - 6. Let v(o) = 5*i(o) - 4*j(o). Let x be (-2)/(-17) - (-3763)/(-1207). What is v(x)?
5
Let m(n) = 2*n - 11. Let h(j) = 3*j - 16. Suppose -p - 20 = -5*p. Let b(g) = p*h(g) - 7*m(g). Give b(5).
2
Let k(p) = 1 + p + p + 3*p. Suppose 9*t + 10 = 11*t. Suppose 6*v - t*v = 1. What is k(v)?
6
Let w(x) = x**3 + 4*x**2 + 2*x. Let r(g) = 3*g**2. Let b be r(1). Suppose -4*q - 4 = 5*f - 1, -b*f + 3 = 0. Let d be ((-12)/10)/(q/(-5)). Calculate w(d).
3
Let m(h) = -h**3 - 3*h**2 + h. Let j be (2 + 1)/((-3)/3). Calculate m(j).
-3
Let p(h) = 2*h - 4. Let q(k) = 2*k + k + 2*k**3 + 2 - 3*k**3 - 2*k**2 - k. Let v be q(-3). What is p(v)?
6
Suppose z = -0*z. Suppose z = 2*r - 0*r. Suppose r*k + 10 = 5*k. Let h(o) = -2*o**3 + 2*o**2 + 2*o - 1. Give h(k).
-5
Let p(m) = 4*m + m**2 + 3 - 6*m - m. Let q(v) = v + 9. Let j be q(-6). Let b be p(j). Let r(g) = -g**2 + g - 3. What is r(b)?
-9
Let v(n) = -n + 8. Let a(s) = -3*s - 23 + 6*s - 2. Let p(i) = -2*a(i) - 7*v(i). Suppose 0 = 3*f - 10*f + 35. Determine p(f).
-1
Let q(z) = z**3 - 3*z - 2. Suppose 0*m - m = -2*i - 9, -4*m = -20. Give q(i).
-4
Suppose -3*y + 10 = 5*u, 3*u = y + y + 6. Suppose 3*v + y*p - p - 4 = 0, v + 4 = 3*p. Let 